 7*i + 9. Calculate the remainder when k(b) is divided by 31.
28
Let q be 10 + 58 - (5 - 1). Suppose 3*a = -15, -3*m - 2*a - q = -6*m. Calculate the remainder when m is divided by 7.
4
Suppose 0 = 3*m - 24 - 15. Suppose -107*u = -101*u - 30. Calculate the remainder when m is divided by u.
3
What is the remainder when -4 - (2 - 0) - (-66 - 58) is divided by 27?
10
Let b = 97 + -97. Calculate the remainder when (-1)/(-2)*b - (-504)/12 is divided by 24.
18
Let z = 630 + -572. Calculate the remainder when 1333 is divided by z.
57
Suppose 23 + 439 = 7*m. What is the remainder when m is divided by 20?
6
Suppose -3*z - 37 = 59. Let d(n) = n**2 - 8*n - 5. Let x be d(6). Let h = x - z. Calculate the remainder when 59 is divided by h.
14
Let q be 26/7 - (-8)/28. Let b(f) = -4*f + 10*f + 13*f - 17 - 5*f. What is the remainder when 77 is divided by b(q)?
38
Let p(n) = n + 19. Let l(u) = u**2 - 1. Let x be l(0). Calculate the remainder when 2/x + 19/1 is divided by p(-13).
5
Let q(x) = -x**3 - 15*x**2 - 24*x + 41. What is the remainder when 1498 is divided by q(-13)?
13
Suppose 16 = -q + 44. Calculate the remainder when 47 is divided by q.
19
Let j(q) = q**3 + 4*q**2 + 4. What is the remainder when 46 is divided by j(-3)?
7
Let p(t) = 383*t**2 + 4*t + 3. What is the remainder when p(-1) is divided by 32?
30
Suppose -14*n + 8*n + 234 = 0. Calculate the remainder when 24*(-4 - 175/(-20)) is divided by n.
36
Let x = 181 - 150. Suppose -2*y + 2 = -6. Let g = x + y. What is the remainder when g is divided by 12?
11
Let i = 39 + -18. Calculate the remainder when i + 0 + -1*(-5)/5 is divided by 4.
2
Suppose y = -3*f + 3 + 11, f = -y + 8. Let u = 1086 + -1073. Calculate the remainder when u is divided by y.
3
Let t be 14/(-35) + (-22)/(-5). Suppose -3*u - 4*m + 47 = 0, 0 + 31 = t*u - m. What is the remainder when 35 is divided by u?
8
Let m = 58 + -21. Let a = -7 + -16. Let s = a - -36. What is the remainder when m is divided by s?
11
Let o = -1860 + 1925. Calculate the remainder when o is divided by 17.
14
Suppose 44 = 5*x - 61. Suppose 549 = 6*c + 3*c. Calculate the remainder when c is divided by x.
19
Let n = -18929 - -18933. Suppose 0 = -2*b - 2 + 8. Calculate the remainder when n is divided by b.
1
Suppose 2*s = -3*n + 37, -2*s + 6*s + 47 = 5*n. Calculate the remainder when 21 is divided by n.
10
Let l(m) = -m - 1. Let a(t) = 2*t + 4. Let h(p) = -a(p) - 4*l(p). Let j = -3 - -10. Calculate the remainder when j is divided by h(1).
1
Let u(d) = 4*d + 39. Let c be u(-9). Suppose c*g + 78 = 3*z, 2*z + g = -g + 44. What is the remainder when z is divided by 3?
0
Let a = -211 - -215. Suppose 0*u + 15 = 5*u. Suppose -4 = -4*g + u*g, -3*g + 30 = 2*o. Calculate the remainder when o is divided by a.
1
Suppose -z = 5*d + 2*z - 329, 0 = d + 4*z - 59. Let t = d + -46. Calculate the remainder when t is divided by 12.
9
Let c be 6/27 + 195/(-27). Let v = 71 - 38. Calculate the remainder when v is divided by (3 - 33/7)*c.
9
Let j(r) = r**3 + r**2 + 55. Let u be j(0). Let f = -50 + u. Calculate the remainder when 7 is divided by f.
2
Let c be 24/(-40) + 5/((-50)/24). What is the remainder when (((-216)/15)/c)/((-33)/(-770)) is divided by 25?
12
What is the remainder when 263 is divided by (-384)/(-4) - 6/1?
83
Suppose v + 32 + 32 = 0. What is the remainder when 14 is divided by ((-48)/v)/((-6)/(-40))?
4
Let j = -11 - -12. Let n be j/((-4)/(-12) - 0). What is the remainder when 41 is divided by -4*((-15)/(-12) - n)?
6
Let l = 243 + -187. Calculate the remainder when l is divided by 21.
14
Let c be ((-5)/10)/((-1)/(-16)). Let y be (c/(-10))/(4/600). Suppose y - 8 = 4*k. Calculate the remainder when k is divided by 15.
13
Let n = -41 + 109. What is the remainder when n is divided by 15?
8
Suppose 4*i - 5*q - 86 = 0, 3*q - 178 + 89 = -5*i. Calculate the remainder when i is divided by 9.
1
Suppose 6 = 7*s - 5*s. Let k(n) = -2*n - 1 - 4*n**3 - 4*n**2 + 3*n**s + 10*n**2. Calculate the remainder when k(4) is divided by 12.
11
Suppose 3*y - 15 = 0, 4*y = -4*k - 86 + 578. Calculate the remainder when k is divided by 76.
42
Let v(n) = n**3 + 19*n**2 + 35*n + 24. Calculate the remainder when 18 is divided by v(-17).
4
Let w = 5 - -1. Suppose 0 = -4*m + 8, 0*d - m + 39 = -d. Let o = -26 - d. Calculate the remainder when o is divided by w.
5
Suppose -u - 4*h - 3 = -4, 2*u - 3*h = 46. Let l(r) = -2*r**2 + 32*r + 39. Calculate the remainder when (-1 + 8)/(-2 + 3) is divided by l(u).
2
Suppose -54*n + 7300 = -7712. Calculate the remainder when n is divided by 31.
30
Let t = 26 - 11. Let v = -25 + t. Calculate the remainder when 5/(5/(-3))*v is divided by 16.
14
Let y = 240 - 231. What is the remainder when 122 is divided by y?
5
Let a = -197 + 596. Let s be (a/6)/(-7)*2. Let p = 34 + s. What is the remainder when p is divided by 8?
7
Suppose -2*g + 3*g = 4*p - 56, 0 = 5*g. Suppose -30*t - 3*t = -1782. What is the remainder when t is divided by p?
12
Suppose -l - 1 = 2*v, 0*l = -3*v + l + 11. Suppose j + 0*j - v = 0. What is the remainder when 3 is divided by j?
1
Let w be -47*(-8)/(-2 - 0). Let k = -98 - w. Let y(z) = 8*z - 201. What is the remainder when k is divided by y(28)?
21
Let l(x) = 30*x**2. Let o(a) = -31*a**2. Let d(u) = -3*l(u) - 4*o(u). Let t be 2*2*1/4. Calculate the remainder when d(t) is divided by 9.
7
Let b(r) = -r**2 - 6*r - 3. Let j be b(-2). Suppose 7 = p + j*c, 5*p + 7 = -2*c - 27. Let a = p + 36. What is the remainder when a is divided by 15?
13
Suppose -5*u + z = -272, -8*u + 4*z + 278 = -3*u. Calculate the remainder when 208 is divided by u.
46
Let n = 11 - 3. Suppose n = -4*h - 4. What is the remainder when 68 is divided by 0 + h - (-4 + -22)?
22
Let w(z) = -z**3 - 2*z**2 + 2*z + 2. Calculate the remainder when w(-3) is divided by (18/12)/(1/2).
2
Let i = -512 + 565. Calculate the remainder when 155 is divided by i.
49
Let s(k) = k**2 + 17*k - 14. Let z(c) = -c**3 - 7*c**2 + 8*c + 20. Calculate the remainder when s(-22) is divided by z(-8).
16
Let h(l) = 301*l**2 + 2*l - 2. Let k be h(1). Suppose 19*u - 345 - k = 0. Let m = -11 + 18. Calculate the remainder when u is divided by m.
6
Suppose -10*y + 12*y = -64. Let m = y + 63. What is the remainder when 90 is divided by m?
28
Let q = 107 + -53. Let m = 145 - q. Calculate the remainder when m is divided by 23.
22
Let j = 8 - -11. Suppose 2*u - 9 = 3*h - 8, -2*u = -2*h - 4. Calculate the remainder when j is divided by u.
4
Let i = 190 + -176. Calculate the remainder when 177 is divided by i.
9
Let l = -69 + 45. Let f = l - -20. What is the remainder when (-478)/f - (-4)/(-8) is divided by 30?
29
Let b = -1245 - -1291. What is the remainder when 320 is divided by b?
44
Let f(i) = 6*i**2 - 2*i. Let z(b) = 48*b + 722. Calculate the remainder when z(-14) is divided by f(2).
10
Suppose -27*r + 22*r + 240 = 0. What is the remainder when 330 is divided by r?
42
Let n(r) = r + 79. Calculate the remainder when n(11) is divided by 24.
18
Suppose -2*m + m = -4*f, 0 = 4*m - 5*f - 11. What is the remainder when 45 is divided by (-505)/(-25) - m - 1/5?
13
What is the remainder when 645 is divided by (-5 - -41)/4 - -8?
16
Let t(o) = o**3 + 7*o**2 - 13*o - 22. Calculate the remainder when t(-8) is divided by 6.
0
Let v be (10/(-3))/((-3)/(-9)). Let s be (-3)/(46/v - -4). Suppose 5*f + s*l - 75 = 0, 35 = 4*f - l - 30. What is the remainder when 76 is divided by f?
12
Suppose 16*r - 21 = 15*r. What is the remainder when 50 is divided by r?
8
Suppose 6*o = 20 + 142. Calculate the remainder when (-2)/(-12) + (-5661)/(-54) is divided by o.
24
Let m = -20 + 35. Calculate the remainder when -3*9/((-216)/232) is divided by m.
14
Let u be (-1)/((-1)/36*2). Suppose -x - u = -5*c + 8, -5*c - 2*x + 23 = 0. Suppose 0 = -3*k + 9 + 33. What is the remainder when k is divided by c?
4
Suppose 0*i + 5*i - 4*c = -329, -4*i = c + 259. Let w = 8 - i. What is the remainder when w is divided by 25?
23
Let n = -4 + 7. Suppose -2 = 2*g - n*g. Suppose -g*b - 2*s = -3*s - 7, -5*b + 4*s = -13. What is the remainder when 12 is divided by b?
2
Suppose -3*h + 48 = -3*j, -4*h - 3*j + 6*j + 62 = 0. Calculate the remainder when 67 is divided by h.
11
Let u be 6 + (1 - 2) + -1. Suppose -u*d = -2*d - 80. Suppose 5*z - 70 = -5*c, -c + z - 221 + 235 = 0. Calculate the 